mber?
True
Is 2895416219 composite?
False
Is 62299711543 prime?
False
Is 98556306995 prime?
False
Is 22863479533 composite?
True
Is 3307889179 composite?
True
Is 561104851 composite?
False
Is 91498313321 composite?
False
Is 12797106437 composite?
False
Is 1417336057 composite?
False
Is 8561128291 a prime number?
False
Is 4902045139 prime?
True
Is 8652551069 composite?
False
Is 1169270413 prime?
True
Is 126055399 prime?
False
Is 405963911 a prime number?
True
Is 3264012689 a prime number?
False
Is 8949856679 a prime number?
True
Is 4483844239 composite?
True
Is 582339959 a composite number?
False
Is 39601461085 a prime number?
False
Is 476898089 prime?
True
Is 575409823 a composite number?
True
Is 776839387 composite?
False
Is 1956110381 prime?
True
Is 1631043977 composite?
True
Is 302817671 prime?
False
Is 4041123253 a prime number?
False
Is 9766163881 composite?
False
Is 6028941874 composite?
True
Is 14198738467 prime?
True
Is 56943652907 prime?
False
Is 2561626141 a composite number?
False
Is 241251139 a prime number?
True
Is 10125106867 composite?
True
Is 26920825081 a composite number?
True
Is 5428581227 composite?
False
Is 259955063 a prime number?
False
Is 12891811547 prime?
True
Is 412108623917 prime?
True
Is 448362580993 a prime number?
True
Is 9261821143 a composite number?
True
Is 11236621709 composite?
False
Is 25855776227 composite?
True
Is 1197918731 prime?
True
Is 71719599587 prime?
True
Is 7798521383 a composite number?
True
Is 5652996773 composite?
True
Is 69634703261 a prime number?
True
Is 979344629 a prime number?
True
Is 29249307149 prime?
True
Is 17916100483 a prime number?
False
Is 1585136009 a composite number?
True
Is 6435380557 prime?
False
Is 184335841 a prime number?
False
Is 49767608977 a composite number?
True
Is 525804809 a composite number?
True
Is 242693400779 composite?
True
Is 167599402387 a composite number?
True
Is 96982691011 composite?
True
Is 1793736719 prime?
False
Is 472302587 a prime number?
False
Is 14234003255 composite?
True
Is 179106959 a prime number?
True
Is 3056884367 a prime number?
False
Is 10548559597 a composite number?
False
Is 6493879949 a prime number?
False
Is 1182109109 a composite number?
False
Is 2253954581 prime?
True
Is 4738728151 prime?
False
Is 22781842553 composite?
False
Is 551832341 a prime number?
True
Is 2518257739 prime?
False
Is 3228186037 a prime number?
True
Is 5310757289 a prime number?
True
Is 102216778571 a prime number?
False
Is 4847392049 composite?
False
Is 6243727937 a prime number?
True
Is 78669861443 prime?
True
Is 103306031 prime?
True
Is 1048582727 a composite number?
False
Is 7261855153 a composite number?
True
Is 13211846951 a composite number?
True
Is 198382343 a prime number?
False
Is 9008915831 a composite number?
True
Is 13188410617 a prime number?
True
Is 184141193 a prime number?
False
Is 446565407 composite?
True
Is 13188578779 a composite number?
True
Is 3675375089 a prime number?
True
Is 10301855953 a composite number?
True
Is 3682848814 a prime number?
False
Is 11060754023 composite?
True
Is 7336682777 a prime number?
True
Is 3230387353 a prime number?
False
Is 1766966501 a composite number?
False
Is 394603849 prime?
False
Is 1808190361 composite?
False
Is 948540869 prime?
False
Is 2949550763 prime?
False
Is 13634082829 a composite number?
True
Is 127111286389 a prime number?
False
Is 820809793 a composite number?
True
Is 1793497 a prime number?
True
Is 13051049471 a composite number?
False
Is 1218407507 a composite number?
False
Is 230350219817 prime?
True
Is 4841636093 a composite number?
True
Is 1043047337 a prime number?
False
Is 4473751 composite?
False
Is 26083639181 a prime number?
True
Is 26703797083 a composite number?
False
Is 532998457 a prime number?
True
Is 3016734041 prime?
True
Is 95473871527 a prime number?
True
Is 1207269746 prime?
False
Is 156491141 a composite number?
True
Is 241882871 composite?
True
Is 5467311611 composite?
False
Is 389357663 prime?
False
Is 963532573 a composite number?
True
Is 86714237 a composite number?
False
Is 11228022917 a prime number?
False
Is 3347285017 composite?
False
Is 589266169 a prime number?
True
Is 1150197163 a composite number?
False
Is 50845469 a composite number?
False
Is 297300331 a composite number?
False
Is 6758520083 a composite number?
True
Is 24468368917 prime?
True
Is 4859058599 a composite number?
True
Is 4650183301 a composite number?
True
Is 3074287558 prime?
False
Is 4896043949 composite?
False
Is 1365082087 prime?
True
Is 1390016249 a composite number?
True
Is 3772478849 composite?
False
Is 3362363689 a prime number?
True
Is 19742433667 a prime number?
False
Is 25600147457 prime?
True
Is 161493697 composite?
True
Is 178616032183 a prime number?
True
Is 5614355066 a composite number?
True
Is 1410728107 a prime number?
False
Is 103781030207 a composite number?
False
Is 30476347787 composite?
False
Is 742130083 prime?
True
Is 164107882459 prime?
True
Is 14715995521 prime?
True
Is 316061477 composite?
False
Is 478122857 prime?
True
Is 15813539813 composite?
True
Is 6560238791 a prime number?
True
Is 9352202107 a prime number?
False
Is 107180413 a prime number?
False
Is 3089858329 a prime number?
True
Is 3171129919 a composite number?
False
Is 882380879 a composite number?
False
Is 27325183597 a prime number?
False
Is 266210011 a composite number?
False
Is 120196379 composite?
True
Is 39734030537 prime?
True
Is 152493494 composite?
True
Is 2160737561 a composite number?
False
Is 48060167977 prime?
True
Is 1014848609 composite?
True
Is 332648377 a prime number?
False
Is 711210085 composite?
True
Is 1077240299 a composite number?
False
Is 141099821 prime?
True
Is 754956457 composite?
False
Is 1167248701 composite?
False
Is 410007089 composite?
False
Is 766200797 a composite number?
True
Is 13457888998 a composite number?
True
Is 2604346637 a composite number?
True
Is 693081193 prime?
False
Is 1094548043 composite?
True
Is 4589079109 a prime number?
False
Is 913736983 a composite number?
False
Is 156376163 a composite number?
False
Is 6975894073 a composite number?
True
Is 210691043 prime?
True
Is 19485890413 prime?
False
Is 6217697 composite?
False
Is 5348324621 a composite number?
False
Is 802103 a prime number?
True
Is 18861363921 a prime number?
False
Is 64849099954 a prime number?
False
Is 13568366663 a composite number?
False
Is 472351811 a prime number?
True
Is 3476291687 a composite number?
True
Is 727889257 a composite number?
True
Is 114599473 composite?
False
Is 5350719053 prime?
True
Is 1635041569 a prime number?
False
Is 117949654841 composite?
False
Is 644050987 prime?
True
Is 3856656289 a prime number?
False
Is 866693353 prime?
False
Is 41173082053 composite?
False
Is 22793058271 prime?
False
Is 455523323 prime?
False
Is 11780711353 a prime number?
True
Is 3164043991 a composite number?
False
Is 322178213 composite?
True
Is 1955418113 prime?
False
Is 1069059437 composite?
True
Is 12003137749 prime?
True
Is 9227161291 a prime number?
False
Is 20365178591 a prime number?
True
Is 65065661 composite?
False
Is 26728209905 composite?
True
Is 1024644809 a prime number?
True
Is 650902897 composite?
False
Is 2864474639 a composite number?
True
Is 18482887459 a prime number?
True
Is 681842977 a prime number?
True
Is 11656015163 prime?
False
Is 83839020913 prime?
True
Is 1451885299 prime?
True
Is 15320644147 a prime number?
False
Is 2635690753 prime?
True
Is 45088564597 composite?
False
Is 133045907 composite?
True
Is 15619858607 a prime number?
False
Is 21037675898 a prime number?
False
Is 8942610043 composite?
False
Is 6585136391 a prime number?
True
Is 1189546179 a composite number?
True
Is 10083223103 a composite number?
True
Is 11700863723 prime?
True
Is 16044452731 a composite number?
False
Is 348101189 prime?
False
Is 5040954047 prime?
True
Is 349463183 prime?
True
Is 17266271257 a prime number?
True
Is 2479569611 composite?
True
Is 12713584934 a composite number?
True
Is 375832649 composite?
False
Is 12688785149 a prime number?
True
Is 97336443 a prime number?
False
Is 142854714359 a prime number?
False
Is 41281899391 prime?
False
Is 66626039 composite?
False
Is 171676447 prime?
True
Is 2861753341 a prime number?
False
Is 3485491039 prime?
True
Is 1628047757 a composite 